tor of r and d.
8
Let w(s) = 8 - 7*s + 3 - 7*s**2 - 3 + s**3. Let b be w(8). Calculate the highest common factor of b and 32.
16
Let a = 2 - -2. Let i = a + 12. What is the highest common factor of i and 128?
16
Let r = -6 - -11. Suppose 0 = -5*o + r*c + 15, -4*o + c + 16 = -c. What is the greatest common divisor of o and 20?
5
Let v = 6 + 6. Suppose 4*i - 3*p + 0*p = 32, -3*p - v = 0. Suppose 2*d + 165 = i*d. Calculate the greatest common factor of d and 11.
11
Suppose 5*o = -2*o + 2695. Calculate the greatest common factor of 35 and o.
35
Let j(b) = -b - 97. Let p be j(0). Suppose 0 = -4*d + 2*d + 4. Let m = d - p. Calculate the greatest common divisor of m and 9.
9
Suppose 5*b = -4*u + 214, 5*b = -5*u + 2*b + 274. Suppose -2 = -2*v + 4. Let k be -2*v/(9/(-21)). What is the greatest common factor of u and k?
14
Let n be (-17)/(-5) + 15/25. Let v be 14*(2 + (-4 - -1)). Let q be 3/(1 - v/(-20)). What is the greatest common factor of n and q?
2
Suppose 13 = 5*g - 7. Suppose g*f = 776 + 236. Let a be 209/9 + 2/(-9). Calculate the greatest common divisor of f and a.
23
Suppose 38 = -4*q + 6. Let u = 7 + q. Let k be 10/((-24)/(-22) + u). Calculate the highest common factor of 10 and k.
10
Let i(p) = p**3 - 13*p**2 - 13*p - 9. Let w be i(14). Calculate the greatest common factor of 40 and w.
5
Let o be 42/9 - (-2)/(-3). Suppose 4*q = -3*j + 22, -q - o = 2*j - 17. What is the highest common divisor of 2 and j?
2
Let a(y) = 2 - 3 + 9*y - 2*y**3 + 3*y**3 - 13*y**2 - 21*y. Let k be a(14). Calculate the greatest common divisor of 9 and k.
9
Let u be 1 + 535/(10/2). What is the greatest common divisor of u and 12?
12
Let g = -12 - -6. Let h = g - -13. What is the highest common divisor of 7 and h?
7
Suppose 0*r + 30 = 3*r. What is the highest common factor of 40 and r?
10
Suppose 5*m = -5*x + 2*x + 3, -11 = -m + 2*x. Suppose m*n - 6 = 4*n. Let p be (-16)/n + (-2)/(-6). Calculate the greatest common divisor of 2 and p.
1
Let o(m) be the second derivative of -m**5/10 - m**4/6 - m**3/2 + 2*m. Let a be o(-2). What is the highest common divisor of 126 and a?
14
Suppose 3*j = 5 + 13. Calculate the greatest common divisor of 54 and j.
6
Let d = -14 - -136. Suppose 32 = -2*x + d. Calculate the greatest common divisor of 5 and x.
5
Let q(k) = k + 3. Let c be q(-1). Calculate the highest common factor of c and 3.
1
Let t = -2 - -5. Suppose 5*n = -2*r + 36, 0 = -t*n + 4 + 8. What is the highest common divisor of r and 64?
8
Let c = 2 - -2. Suppose -25 = -5*u + c*f, -u = -3*f - 2*f - 5. What is the greatest common factor of u and 40?
5
Let v = -8 - -11. Let w = 6 - v. Let y be 1/(-1 + 20/18). Calculate the highest common divisor of w and y.
3
Let k(f) = 21*f**2 - 3*f + 3. Let o be k(-3). What is the greatest common factor of 134 and o?
67
Suppose -j - 5*p + p = 7, 0 = -3*j + 3*p + 39. Let t = 7 - 4. Calculate the greatest common divisor of t and j.
3
Let m = 6 - 1. Let l(k) = k**3 - 4*k**2 + k. Let w be l(m). Calculate the highest common divisor of w and 6.
6
Let j be 9/((8/(-12))/((-100)/45)). What is the highest common divisor of 330 and j?
30
Let p = 56 + -8. Calculate the greatest common divisor of 6 and p.
6
Let x(v) = v**2 - 10*v - 9. Let t be x(11). Suppose -85 = -t*r - w, 3*r + 2*w - 91 = 37. Let o = r - 14. What is the highest common divisor of o and 70?
14
Suppose 5*n = 30 - 5. Suppose 0 = -5*f - t + 30, 0 = -4*f - 3*t + 2*t + 25. Calculate the highest common divisor of n and f.
5
Suppose -4*z + 6*g + 92 = 2*g, 3*g = -9. Suppose i + 6 - 1 = 0. Let p = i + 45. Calculate the highest common factor of p and z.
20
Let p(n) = -n**3 - n**2 - 3*n - 2. Let h be p(-2). What is the highest common factor of h and 4?
4
Let s = -121 + 186. Suppose -5*d - 22 = -2, 2*n + 2*d = 44. What is the greatest common divisor of s and n?
13
Let n = -12 - -17. Suppose -3*y = -2*p - 31, -n*y + 0 + 45 = -2*p. Let c = 34 + 22. What is the greatest common divisor of c and y?
7
Let d be (2/(-3))/(2/(-3)). Let i(c) = 7*c**2 - 1. Let o be i(d). Suppose 2*n = -2*n + 48. Calculate the highest common factor of o and n.
6
Let x(n) = -n + 1. Suppose 5*m + 16 - 1 = 0. Let o be x(m). Let t be (-39)/(-2) + 2/o. Calculate the highest common factor of t and 4.
4
Suppose -160 = -2*o - 2*o - 3*t, -2*t = -5*o + 200. Calculate the greatest common divisor of 20 and o.
20
Let x be -1*1 - (2 + -1). Let o be -1 - (-4 - (-3 - x)). Let z be o*(38 + (-6)/(-3)). What is the highest common divisor of 16 and z?
16
Suppose -65 + 17 = -2*k. Let l(b) = 64*b**2 - 1. Let c be l(1). Suppose -4*a + c = 15. What is the highest common factor of k and a?
12
Let k = 0 + 6. What is the highest common divisor of 30 and k?
6
Suppose -3*v + 9 = -0*v. Calculate the highest common divisor of v and 24.
3
Let x be (-27)/(-4) - (-36)/(-48). Calculate the greatest common factor of 54 and x.
6
Suppose 2 = z - 0. Suppose 0 = z*r - 17 + 3. Suppose 3*q - 8 = r. What is the highest common divisor of 2 and q?
1
Suppose -6*a + 5*b + 35 = -a, -5*a + 4*b + 30 = 0. Let o be (a/5)/((-1)/(-10)). Suppose 61 = o*v + 1. What is the highest common divisor of 3 and v?
3
Let r(s) = 8*s**2 - 3*s - 13. Let m be r(3). What is the greatest common divisor of 20 and m?
10
Let x(p) = -2*p - 6. Let a be x(-5). Let l be 5*2/20*6. Suppose -2*o = y - 5*y + 8, 0 = -2*o + l*y - 5. Calculate the highest common divisor of o and a.
2
Suppose 4 = -0*s + s. Let h be (1/(-2))/((-19)/(-342)). Let j = 3 - h. Calculate the highest common factor of s and j.
4
Suppose -5*z - 3*g = g - 169, 2*z + 2*g - 68 = 0. Calculate the greatest common factor of 3 and z.
3
Let x be 1/(76/(-26) - -3). Calculate the highest common factor of x and 247.
13
Let p = -27 - -36. Let k = -8 - -17. What is the highest common divisor of k and p?
9
Suppose -n + 4 = -0. Suppose a + w + 4 = 0, 4*a + n*w = 5*a - 1. Let l = a + 8. Calculate the highest common factor of 20 and l.
5
Let l = -367 - -576. Calculate the highest common factor of l and 19.
19
Suppose -78 = -4*r - 2*s, 3*r - 3*s - 35 = 1. Suppose -2*g = -311 + 39. Calculate the highest common factor of r and g.
17
Suppose 2*f - 5*f + 75 = 0. Suppose -3*r = 2*r - f. Let u = 32 - -23. What is the greatest common factor of u and r?
5
Let i(t) = t**2 + 4*t + 1. Let n be i(-2). Let p = n - -7. What is the highest common divisor of p and 4?
4
Let k be 1/((-18)/(-4) - 4). Calculate the highest common factor of 4 and k.
2
Let u be 2/3 + (-32)/(-6). Let w = 0 - -2. Let y be 87/6 - w/(-4). What is the greatest common factor of y and u?
3
Let f(j) = j**2 - 6*j + 3. Let k be f(6). Let o = k + 6. What is the highest common divisor of 9 and o?
9
Let k(s) = -3*s**2 + s. Let t be k(1). Let u be 124 + 3 + t + 0. What is the greatest common divisor of u and 25?
25
Let o be ((-222)/(-10) + (3 - 1))*5. Calculate the highest common divisor of o and 11.
11
Suppose 2*k = -5*o - 2 - 9, 5*k = 2*o + 16. What is the greatest common factor of 14 and k?
2
Suppose 5*u - 2*u - 429 = 0. Calculate the greatest common divisor of u and 13.
13
Let u(l) = l**3 + 9*l**2 + 7*l - 8. Let v be u(-8). Let i(m) = m**2 - m - 12. Let n be i(v). Let x = 20 + n. Calculate the greatest common factor of 88 and x.
8
Let q = -3 - -3. Let j be q + (-2)/2 - -12. What is the highest common divisor of 11 and j?
11
Let u(l) = l**2 - 5*l - 8. Suppose 32 = 4*v + t, -t + 16 = 5*v - 3*v. Let a be u(v). What is the greatest common divisor of 144 and a?
16
Let s = 23 + -16. Suppose -3*r + 27 = -4*w, -3*r = -w + 6*w + 27. Let g = 1 - w. Calculate the greatest common divisor of g and s.
7
Let w be 1 + 1/(-1) + 3. Suppose -19 = -w*x + 8. Let j be 3/((-12)/(-8)) + -3 + 10. What is the highest common factor of j and x?
9
Let q = -129 - -291. Calculate the greatest common divisor of q and 18.
18
Let x(b) = 74*b - 1. Let y be x(-1). Let l be -26*(y/(-6))/(-5). What is the greatest common divisor of l and 26?
13
Let h(y) = -25*y - 2. Let g be h(-2). Calculate the highest common factor of 12 and g.
12
Let t(c) = -c + 25. Let p be t(10). Let d be (-2)/(-4) + (-9)/(-2). Let k(o) = o + 5. Let h be k(d). What is the highest common divisor of p and h?
5
Let n(c) = c**2 + 4*c + 10. Let m be n(-5). What is the greatest common factor of m and 120?
15
Let v be 48/(-18)*(-6)/4. Suppose -105 = -v*t - t. What is the highes